be ((-105)/(-175))/(6/20). Suppose s*w = 22*b - 23*b + 171, -5*w + 410 = -b. What is the units digit of w?
3
Suppose -105 + 1083 = 6*y. Let h = y + -290. Let x = h + 184. What is the tens digit of x?
5
Let q(k) be the first derivative of 11*k**5/120 + 5*k**4/2 - k**3 - 35. Let s(i) be the third derivative of q(i). What is the tens digit of s(16)?
3
Suppose 4*l = 434 + 1070. Suppose 3*q - l = -2*u, -3*u - q = -8*u + 957. Let b = u + 1. What is the units digit of b?
2
Suppose 521*i = 561*i - 10520. What is the units digit of i?
3
What is the hundreds digit of (2 - -79471)/((-807)/(-269))?
4
Let w(b) = -27*b - 43. Suppose -6*i - 44 = -176. Suppose 0 = -s - 3*u - i, 2*s - 12 = 4*s - 2*u. What is the hundreds digit of w(s)?
2
Suppose -2*l = 4*u - 14912, -2*l = -u - 14274 - 613. What is the units digit of l?
6
Suppose 3*m + 6*c + 18864 = 8*m, c = 3*m - 11321. What is the units digit of m?
4
What is the units digit of 16107276/658 + (-1 - ((-72)/(-21))/(-4))?
9
Let b = 228 + -179. Suppose -b = 5*i - 2374. What is the tens digit of i?
6
Let n = -19 - -19. Let k be (-4)/(-3 + 1 - n). What is the hundreds digit of 88 + 10 - (k - 6)/2?
1
What is the tens digit of 10/(-2)*(-39876)/(-15)*(2 - 4)?
8
Let h(w) = w**3 + 5*w**2 - 13*w + 4. Let b be h(-7). Let q(c) = c**3 + 2*c**2 - 3*c + 1. Let p be q(b). What is the units digit of 477/(-18)*p/(2/(-8))?
6
Let k(a) = 2*a**3 - 3*a**2 + 9*a**3 - 19 + 6 - 5*a - 6*a**3. What is the tens digit of k(4)?
3
Let f = 163 - 161. Suppose 0 = 4*p - 42 + f. What is the units digit of p?
0
Let y = 86 + -84. Suppose y*n - 4*z - 140 = 0, -310 - 4 = -5*n + z. Suppose 400 = 3*v - 4*r - n, -v = -r - 153. What is the units digit of v?
0
Suppose 4*o = q + 387, -5*q + 123 = o - 0*o. Suppose -22*d + o = -20*d. Let a = d + -26. What is the tens digit of a?
2
Let k(d) = -d**3 - 21*d**2 + 19*d + 35. Let b be k(-22). Suppose -76 = -c + b. What is the units digit of c?
7
Let i = -235 + 240. Suppose 5*a - 46 - 12 = -2*f, -i*a = -4*f - 64. What is the tens digit of a?
1
Suppose 2*s + 5*j - 34621 = 22692, -j - 7 = 0. What is the ten thousands digit of s?
2
Let w = 52 - 41. Suppose -1312 = -w*z - 487. Suppose -3*u - 4*f = -3*f - z, -5*f - 93 = -3*u. What is the units digit of u?
6
Let r(x) = 17*x**2 + 3*x - 9. Let o be (-2)/4 + (-3330)/(-36). Let c = o - 89. What is the hundreds digit of r(c)?
1
What is the units digit of (28/(-35))/(2/(-5)) + 6591?
3
Suppose -p - 1 = -32. Suppose 4*q + 2*v - 10 = 16, -q + 2*v - 1 = 0. Suppose -q*f + 566 = p. What is the units digit of f?
7
Let a be 1*(-5 - -4)*4. Let w be -390 + a/3*(-12)/(-8). Let b = w + 622. What is the tens digit of b?
3
Suppose -2*n + 2374 = -4*b + 32428, 4*b - 30061 = -5*n. What is the hundreds digit of b?
5
Let b = 273 + 209. Let q = -325 + b. What is the units digit of q?
7
Suppose 3*j - j = -i - 1857, 5*j - i + 4639 = 0. Let r = 13 - j. What is the hundreds digit of r?
9
Suppose 5*z = 2*q + 222, 4*q + 45 = -4*z - 343. What is the tens digit of ((q/(-2))/(-1))/(11/(-44))?
0
Suppose 14*g - 196 = 7*g. Suppose -3*t = -8*i + 3*i - g, t + 3*i = 14. Suppose -t*f + 150 = -6*f. What is the tens digit of f?
3
What is the units digit of (94/(-6))/((-162)/593406)?
7
Let i(s) = -s - 16 + s**2 + 4*s + s + 2*s. Let f be i(-8). What is the tens digit of 4/(-16)*2*f + 26?
2
Suppose 5*k = -4*w + 23, k - 3*w = -0*k - 3. What is the units digit of 4/k*(6 - 4200/(-16))?
8
Suppose 4063*d - 4058*d + 10 = 0. Let k(l) = -l**3 + 5*l**2 - 4*l - 1. Let w be k(4). What is the tens digit of -1 + (d + -35)*w?
3
Suppose 0 = 369*t - 367*t - 132. What is the tens digit of (31/(-2))/((-3)/t)?
4
Suppose -5*l + 40841 - 2309 = d, 0 = -d - l + 38520. What is the tens digit of d?
1
Let s = 78 + -71. Suppose 5*j - 4076 = -4*i, 5*i + 3228 = -3*j + s*j. What is the hundreds digit of j?
8
Let m be (-27)/(-18)*(-3)/((-27)/6). What is the tens digit of 1*(-10)/10*m*-149?
4
Suppose 0 = 8*l + 3*f - 122866, -35*f = 3*l - 33*f - 46080. What is the thousands digit of l?
5
Suppose 5*f + 362 = 2*u + 1660, -f - 4*u + 264 = 0. Suppose 3*z - 8*z = -2*l - f, -20 = -4*l. What is the units digit of z?
4
Suppose -5*j = 25, 4*j = -11*w + 2*w + 61450. What is the thousands digit of w?
6
Suppose -3*m = 6*t - 198861, -m + 198856 = 2*m + t. What is the ten thousands digit of m?
6
Let g be (-16)/3*(-6)/(0 + 2). Suppose 2*v - g*l - 1393 = -11*l, -l + 1387 = 2*v. What is the hundreds digit of v?
6
Let v be ((-38)/3)/((-129)/6966). Let f = 2249 - v. What is the tens digit of f?
6
Suppose -27*n + 198 = 1251. What is the hundreds digit of (377/n)/((-41)/(-21) - 2)?
2
Let q = 8 - 6. Let u be (72/(-27))/(1*(-4)/24). Suppose -74 = -q*o + u. What is the tens digit of o?
4
Let g = 65 + -63. Let m(j) = -16 - g*j**2 - 57*j + 21*j + 14*j. What is the tens digit of m(-9)?
2
Let i(q) = 8*q**3 - 4*q**2 - 4*q - 1. Let d(t) = 3*t**3 + 0*t**3 + t + 4*t - t**2 - 6*t. Let g(b) = -11*d(b) + 4*i(b). What is the hundreds digit of g(-8)?
2
Let s be (8 - -259)*10/15. Let u = 1240 - s. What is the tens digit of u?
6
Suppose -10*i + 5*i = -2*v + 1807, 0 = 5*i - 4*v + 1809. Let g = i - -804. What is the tens digit of g?
4
Let j = -1 - 2. Suppose -6400 = -192*t + 242*t. What is the units digit of 1 - t*(j - (-45)/12)?
7
Suppose -v - 8*v = -13*v + 14764. What is the thousands digit of v?
3
Suppose -x - x = -5*c + 5, 3*c - 3 = 3*x. Suppose -2*p + 622 + 380 = x. What is the hundreds digit of p?
5
Let h = -7070 + 33594. What is the ten thousands digit of h?
2
What is the hundreds digit of (5876/(-104)*4/6)/(2/(-1110))?
9
Let b(m) = 22*m**2 - 5*m + 59. Let u be b(28). Suppose 0 = 9*g + 6565 - u. What is the units digit of g?
8
Let x = 103 + -96. Let r(t) = 114*t - 250. What is the hundreds digit of r(x)?
5
Suppose 2*f = 2*w + 16826, 27522 - 2278 = 3*f - 2*w. What is the units digit of f?
8
Let w(z) = 50*z - 20. Suppose -37*a + 24 = -41*a. Let k be w(a). What is the units digit of 7/(252/8) + k/(-18)?
8
Let q be ((-13)/(-2))/(4/8). Let l be (-16)/6*(-3)/2. Suppose 100 = 2*t - l*w, t + q = -3*w + 43. What is the tens digit of t?
4
Let p = -5 - -5. Suppose 5*b = -p*b + 20. Suppose -b*f + 2 = 6, -2*f = -2*k + 172. What is the units digit of k?
5
What is the thousands digit of (-6 + -11 + 15)*5295/(-6)?
1
Let t(k) = -k + 21. Let w be t(-24). Let h = w + -40. Suppose -10 = h*z, 2*b + z + 2*z - 176 = 0. What is the units digit of b?
1
Suppose -11*q + 10*q + 30 = 0. Let g = 30 - q. Suppose 8*t + g*t = 72. What is the units digit of t?
9
Let t(r) = 4*r**2 + 4*r - 7. Suppose -3*n + 3 = -a - 21, 0 = 5*a + n + 200. Let y = a - -32. What is the tens digit of t(y)?
6
Let v be ((-88)/(-33))/((-4)/(-6)). Let f(o) = 124*o - 13. What is the hundreds digit of f(v)?
4
What is the hundreds digit of ((-2072997)/(-51))/((-4 + 7)/3)?
6
Let f = -91 + 88. Let l(c) = -11*c**3 - 4*c - 5. Let m be l(f). Let z = m - 183. What is the hundreds digit of z?
1
Suppose -14*i + 1921 = -2041. Suppose 7*p - i = 1236. What is the tens digit of p?
1
Let c(q) = 8*q**2 + 3*q + 3. Suppose -3*z = 14 - 2. Let j be c(z). Let p = j - 26. What is the tens digit of p?
9
Let d be ((-18)/4)/((-14)/(-6356)). Let x = d - -3300. What is the units digit of x?
7
Suppose -u + 0*j + 4906 = -2*j, -3*j + 24543 = 5*u. Suppose 0 = 9*k - 1275 - u. Suppose 6*r - k = 135. What is the hundreds digit of r?
1
Let z(g) = 49 - 3*g + 9 + 3 + 21 - g. What is the hundreds digit of z(-33)?
2
Let w be 6/20 - (-7572)/(-40). Let m = w - -826. What is the hundreds digit of m?
6
Let h(a) = -10*a**2 + 3*a + 162. Let d(z) = -30*z**2 + 8*z + 487. Let o(g) = -6*d(g) + 17*h(g). What is the hundreds digit of o(14)?
8
Let w be (-2)/(-4) + 26/4. Let x(p) be the second derivative of p**5/20 - p**4/2 + 7*p**3/6 - 13*p**2/2 - 2*p + 155. What is the units digit of x(w)?
5
Suppose -109 = -z - 904. Let q = 1241 + z. What is the tens digit of q?
4
Let f be 2/(-1)*(-3)/(-18)*-15. Let k(t) = -4*t + 0 - 1 + t**2 + 16*t**3 - 2 + f. What is the units digit of k(2)?
6
Suppose p = -4*d - 20, d + 2*p + 5 = -0*p. Let n be ((-20)/(-75))/(4/(-222))*d. Suppose i - n = -5*u, -3*u + u - 230 = -4*i. What is the units digit of i?
9
Suppose 0 = 5*q + 983*b - 975*b - 233903, q + 2*b - 46777 = 0. What is the tens digit of q?
9
Let n(t) = 22*t**2 - 20*t + 38. What is the hundreds digit of n(